is the ten thousands digit of 62800?
6
What is the thousands digit of 3364?
3
What is the hundreds digit of 140?
1
What is the tens digit of 1643?
4
What is the tens digit of 52?
5
What is the thousands digit of 2414?
2
What is the units digit of 988?
8
What is the tens digit of 9963?
6
What is the units digit of 1191?
1
What is the tens digit of 772?
7
What is the tens digit of 30411?
1
What is the tens digit of 4516?
1
What is the hundreds digit of 2116?
1
What is the hundreds digit of 13994?
9
What is the thousands digit of 4592?
4
What is the units digit of 2242?
2
What is the units digit of 72410?
0
What is the units digit of 1731?
1
What is the hundreds digit of 1709?
7
What is the hundreds digit of 1178?
1
What is the hundreds digit of 2970?
9
What is the tens digit of 48867?
6
What is the tens digit of 1528?
2
What is the units digit of 1296?
6
What is the tens digit of 250?
5
What is the units digit of 37057?
7
What is the units digit of 39343?
3
What is the thousands digit of 48686?
8
What is the hundreds digit of 8956?
9
What is the thousands digit of 6287?
6
What is the units digit of 36836?
6
What is the thousands digit of 1621?
1
What is the thousands digit of 3106?
3
What is the units digit of 3472?
2
What is the hundreds digit of 906?
9
What is the thousands digit of 8469?
8
What is the thousands digit of 6799?
6
What is the units digit of 12600?
0
What is the ten thousands digit of 41022?
4
What is the thousands digit of 3909?
3
What is the units digit of 10654?
4
What is the hundreds digit of 518?
5
What is the hundreds digit of 22414?
4
What is the tens digit of 2547?
4
What is the hundreds digit of 308?
3
What is the tens digit of 38585?
8
What is the tens digit of 14454?
5
What is the thousands digit of 9538?
9
What is the tens digit of 24244?
4
What is the units digit of 72619?
9
What is the thousands digit of 3703?
3
What is the tens digit of 30871?
7
What is the hundreds digit of 4105?
1
What is the thousands digit of 1479?
1
What is the ten thousands digit of 13823?
1
What is the hundreds digit of 893?
8
What is the thousands digit of 17148?
7
What is the hundred thousands digit of 157238?
1
What is the hundreds digit of 1107?
1
What is the thousands digit of 133318?
3
What is the tens digit of 117?
1
What is the ten thousands digit of 34785?
3
What is the hundreds digit of 4323?
3
What is the thousands digit of 52021?
2
What is the thousands digit of 18128?
8
What is the tens digit of 1312?
1
What is the tens digit of 2230?
3
What is the units digit of 413?
3
What is the tens digit of 5303?
0
What is the tens digit of 6893?
9
What is the thousands digit of 18769?
8
What is the tens digit of 802?
0
What is the units digit of 2205?
5
What is the units digit of 3703?
3
What is the thousands digit of 9428?
9
What is the ten thousands digit of 25808?
2
What is the thousands digit of 72141?
2
What is the hundreds digit of 3547?
5
What is the hundreds digit of 6928?
9
What is the thousands digit of 3138?
3
What is the tens digit of 546?
4
What is the units digit of 1185?
5
What is the tens digit of 1306?
0
What is the units digit of 71423?
3
What is the thousands digit of 6644?
6
What is the tens digit of 7765?
6
What is the tens digit of 12825?
2
What is the units digit of 45193?
3
What is the tens digit of 94?
9
What is the hundreds digit of 1307?
3
What is the ten thousands digit of 82021?
8
What is the units digit of 87461?
1
What is the ten thousands digit of 10191?
1
What is the hundreds digit of 72682?
6
What is the hundreds digit of 822?
8
What is the thousands digit of 24776?
4
What is the tens digit of 60?
6
What is the hundreds digit of 540?
5
What is the tens digit of 7495?
9
What is the hundreds digit of 836?
8
What is the units digit of 50640?
0
What is the tens digit of 590?
9
What is the tens digit of 20238?
3
What is the tens digit of 151?
5
What is the units digit of 2029?
9
What is the units digit of 41788?
8
What is the thousands digit of 3962?
3
What is the hundreds digit of 2981?
9
What is the units digit of 2270?
0
What is the hundreds digit of 173?
1
What is the units digit of 205731?
1
What is the thousands digit of 10828?
0
What is the tens digit of 6805?
0
What is the hundreds digit of 88087?
0
What is the units digit of 2310?
0
What is the hundreds digit of 7972?
9
What is the tens digit of 384?
8
What is the ten thousands digit of 30679?
3
What is the hundreds digit of 149647?
6
What is the tens digit of 2145?
4
What is the units digit of 44?
4
What is the hundreds digit of 28160?
1
What is the tens digit of 31583?
8
What is the ten thousands digit of 12831?
1
What is the units digit of 12446?
6
What is the tens digit of 42989?
8
What is the units digit of 124655?
5
What is the thousands digit of 2184?
2
What is the tens digit of 258?
5
What is the tens digit of 306?
0
What is the tens digit of 16424?
2
What is the ten thousands digit of 22441?
2
What is the units digit of 20?
0
What is the tens digit of 1158?
5
What is the ten thousands digit of 34293?
3
What is the hundreds digit of 31477?
4
What is the tens digit of 2153?
5
What is the tens digit of 1331?
3
What is the units digit of 5218?
8
What is the hundreds digit of 565?
5
What is the ten thousands digit of 45598?
4
What is the units digit of 22862?
2
What is the units digit of 1101?
1
What is the units digit of 23375?
5
What is the thousands digit of 4809?
4
What is the units digit of 58938?
8
What is the units digit of 141?
1
What is the hundreds digit of 5530?
5
What is the thousands digit of 1150?
1
What is the thousands digit of 25370?
5
What is the hundreds digit of 506?
5
What is the thousands digit of 22777?
2
What is the hundreds digit of 618?
6
What is the units digit of 9850?
0
What is the tens digit of 1723?
2
What is the ten thousands digit of 13196?
1
What is the units digit of 357?
7
What is the tens digit of 878?
7
What is the units digit of 718?
8
What is the thousands digit of 2721?
2
What is the ten thousands digit of 19241?
1
What is the thousands digit of 2380?
2
What is the units digit of 396?
6
What is the thousands digit of 1699?
1
What is the tens digit of 23992?
9
What is the thousands digit of 7417?
7
What is the units digit of 781?
1
What is the thousands digit of 1744?
1
What is the tens digit of 1178?
7
What is the tens digit of 8307?
0
What is the thousands digit of 2142?
2
What is the tens digit of 67772?
7
What is the units digit of 9507?
7
What is the units digit of 47?
7
What is the units digit of 34213?
3
What is the thousands digit of 50042?
0
What is the units digit of 2101?
1
What is the tens digit of 39838?
3
What is the tens digit of 4613?
1
What is the thousands digit of 2152?
2
What is the hundreds digit of 965?
9
What is the thousands digit of 11178?
1
What is the units digit of 45793?
3
What is the ten thousands digit of 102495?
0
What is the units digit of 844?
4
What is the tens digit of 4238?
3
What is the hundreds digit of 12682?
6
What is the thousands digit of 20278?
0
What is the hundreds digit of 34417?
4
What is the tens digit of 1312?
1
What is the units digit of 1464?
4
What is the hundreds digit of 13421?
4
What is the hundreds digit of 580?
5
What is the units digit of 36540?
0
What is the hundreds digit of 2280?
2
What is the hundreds digit of 792?
7
What is the tens digit of 4818?
1
What is the tens digit of 650?
5
What is the hundreds digit of 6367?
3
What is the ten thousands digit of 22929?
2
What is the units digit of 2459?
9
What is the hundred thousands digit of 122500?
1
What is the hundreds digit of 671?
6
What is the thousands digit of 22661?
2
What is the tens digit of 337?
3
What is the tens digit of 942?
4
What is the thousands digit of 2664?
2
What is the units digit of 1809?
9
What is the tens digit of 38875?
7
What is the thousands digit of 1460?
1
What is the units digit of 20310?
0
What is the hundreds digit of 278?
2
What is the tens digit of 918?
1
What is the tens digit of 286?
8
What is the thousands digit of 21320?
1
What is the tens digit of 1707?
0
What is the hundreds digit of 1393?
3
What is the units digit of 34676?
6
What is the ten thousands digit of 25081?
2
What is the tens digit of 50556?
5
What is the thousands digit of 4135?
4
What is the te